or of 1428?
True
Is 2913 a multiple of 9?
False
Does 22 divide 4383?
False
Does 9 divide 712?
False
Does 7 divide 1384?
False
Does 10 divide 50?
True
Does 13 divide 1313?
True
Does 15 divide 29610?
True
Does 8 divide 530?
False
Is 27 a factor of 648?
True
Is 5985 a multiple of 45?
True
Does 17 divide 442?
True
Is 9095 a multiple of 2?
False
Is 239 a factor of 42898?
False
Is 5811 a multiple of 11?
False
Does 28 divide 2295?
False
Is 16 a factor of 1664?
True
Is 3 a factor of 3?
True
Does 7 divide 182?
True
Is 1680 a multiple of 16?
True
Does 8 divide 978?
False
Is 95 a factor of 57000?
True
Does 13 divide 1205?
False
Does 11 divide 2486?
True
Does 134 divide 4380?
False
Does 18 divide 39708?
True
Is 38 a factor of 8649?
False
Is 26448 a multiple of 228?
True
Is 4 a factor of 38?
False
Is 60144 a multiple of 12?
True
Is 9 a factor of 1323?
True
Does 15 divide 27645?
True
Does 7 divide 7622?
False
Does 258 divide 23752?
False
Is 26 a factor of 1714?
False
Is 9350 a multiple of 10?
True
Does 11 divide 9218?
True
Does 119 divide 3689?
True
Is 87 a factor of 2137?
False
Is 2179 a multiple of 13?
False
Does 10 divide 20493?
False
Is 64 a factor of 7680?
True
Is 920 a multiple of 46?
True
Is 31 a factor of 34183?
False
Is 4545 a multiple of 101?
True
Is 74 a multiple of 11?
False
Is 6 a factor of 240?
True
Is 3124 a multiple of 22?
True
Is 4428 a multiple of 2?
True
Does 22 divide 18568?
True
Is 17 a factor of 2193?
True
Is 15 a factor of 251?
False
Is 33 a factor of 8900?
False
Is 854 a multiple of 61?
True
Is 13 a factor of 20592?
True
Is 255 a multiple of 15?
True
Is 6 a factor of 37177?
False
Does 20 divide 42160?
True
Does 26 divide 44731?
False
Is 1955 a multiple of 3?
False
Is 15466 a multiple of 38?
True
Does 10 divide 16380?
True
Is 90 a factor of 432?
False
Is 8777 a multiple of 67?
True
Is 107 a factor of 8025?
True
Is 8487 a multiple of 68?
False
Does 45 divide 3870?
True
Does 80 divide 8144?
False
Is 102 a factor of 8262?
True
Does 33 divide 1122?
True
Is 2435 a multiple of 3?
False
Is 64 a factor of 1536?
True
Is 16 a factor of 62?
False
Is 87 a multiple of 3?
True
Is 47 a multiple of 5?
False
Does 21 divide 7948?
False
Is 6204 a multiple of 132?
True
Does 210 divide 13737?
False
Is 392 a multiple of 68?
False
Does 12 divide 329?
False
Does 28 divide 66071?
False
Does 18 divide 14891?
False
Does 27 divide 297?
True
Is 32 a factor of 14229?
False
Is 8339 a multiple of 49?
False
Does 16 divide 1520?
True
Is 3195 a multiple of 15?
True
Is 3528 a multiple of 86?
False
Is 2917 a multiple of 81?
False
Does 18 divide 3022?
False
Is 816 a multiple of 17?
True
Does 6 divide 65?
False
Does 34 divide 40818?
False
Does 28 divide 364?
True
Is 3 a factor of 5236?
False
Does 26 divide 27869?
False
Is 27115 a multiple of 145?
True
Is 15 a factor of 56?
False
Does 13 divide 6940?
False
Does 66 divide 132?
True
Is 24 a factor of 96?
True
Is 9 a factor of 201?
False
Is 2399 a multiple of 3?
False
Does 40 divide 15364?
False
Is 21 a factor of 1045?
False
Is 14 a factor of 17094?
True
Is 3 a factor of 1556?
False
Does 242 divide 2608?
False
Does 29 divide 10851?
False
Does 15 divide 28626?
False
Is 153 a factor of 14076?
True
Is 108 a factor of 5640?
False
Does 2 divide 1067?
False
Does 28 divide 36973?
False
Is 68 a multiple of 17?
True
Does 21 divide 5292?
True
Does 21 divide 4550?
False
Does 48 divide 21156?
False
Is 8 a factor of 1024?
True
Is 9035 a multiple of 13?
True
Does 12 divide 2436?
True
Does 20 divide 720?
True
Is 32604 a multiple of 57?
True
Is 906 a multiple of 17?
False
Does 9 divide 591?
False
Is 40 a factor of 6195?
False
Is 52 a factor of 936?
True
Does 249 divide 24815?
False
Is 11 a factor of 635?
False
Is 30 a factor of 20332?
False
Does 8 divide 2602?
False
Is 16 a factor of 803?
False
Does 35 divide 9068?
False
Is 30 a factor of 166?
False
Is 25993 a multiple of 46?
False
Does 87 divide 30972?
True
Does 20 divide 23384?
False
Does 223 divide 97451?
True
Does 14 divide 56?
True
Is 28961 a multiple of 35?
False
Is 308 a multiple of 9?
False
Is 41 a factor of 492?
True
Is 32072 a multiple of 8?
True
Is 48420 a multiple of 18?
True
Is 14 a factor of 15708?
True
Is 80 a factor of 49440?
True
Is 80 a factor of 100560?
True
Is 840 a multiple of 24?
True
Does 71 divide 25129?
False
Is 1025 a multiple of 25?
True
Is 299 a factor of 55359?
False
Is 24 a factor of 6087?
False
Is 8276 a multiple of 80?
False
Is 107883 a multiple of 70?
False
Is 19 a factor of 31719?
False
Does 123 divide 8489?
False
Does 32 divide 2009?
False
Is 9089 a multiple of 31?
False
Is 4532 a multiple of 101?
False
Is 600 a multiple of 20?
True
Is 4 a factor of 185?
False
Does 31 divide 546?
False
Is 43457 a multiple of 21?
False
Does 28 divide 23744?
True
Is 69 a factor of 21597?
True
Is 64 a factor of 832?
True
Does 6 divide 42?
True
Is 28 a factor of 420?
True
Is 3 a factor of 80?
False
Does 16 divide 14146?
False
Does 4 divide 240?
True
Does 8 divide 22080?
True
Does 24 divide 216?
True
Is 10 a factor of 34575?
False
Is 13 a factor of 134932?
False
Is 774 a multiple of 38?
False
Is 4125 a multiple of 6?
False
Does 7 divide 12238?
False
Is 324 a multiple of 6?
True
Is 19 a factor of 266?
True
Does 91 divide 1058?
False
Is 4730 a multiple of 60?
False
Is 904 a multiple of 8?
True
Is 438 a multiple of 6?
True
Is 26 a factor of 64?
False
Is 57 a factor of 1254?
True
Is 300 a multiple of 20?
True
Is 12320 a multiple of 160?
True
Does 54 divide 14472?
True
Does 234 divide 35664?
False
Is 165 a factor of 86030?
False
Is 3355 a multiple of 4?
False
Is 32 a factor of 25024?
True
Is 139 a factor of 1529?
True
Does 323 divide 28822?
False
Is 11 a factor of 1397?
True
Is 15 a factor of 390?
True
Is 4620 a multiple of 66?
True
Does 22 divide 30184?
True
Does 110 divide 2640?
True
Is 3 a factor of 75?
True
Does 25 divide 50?
True
Does 83 divide 3403?
True
Is 19 a factor of 24692?
False
Does 33 divide 22077?
True
Is 7 a factor of 217?
True
Does 18 divide 18698?
False
Is 53 a factor of 37100?
True
Is 2898 a multiple of 18?
True
Is 5559 a multiple of 19?
False
Is 11 a factor of 1960?
False
Does 3 divide 1839?
True
Is 1586 a multiple of 4?
False
Does 6 divide 255?
False
Does 226 divide 16046?
True
Does 19 divide 42408?
True
Does 11 divide 1474?
True
Is 12 a factor of 16482?
False
Is 33 a factor of 462?
True
Does 31 divide 5482?
False
Does 2 divide 315?
False
Is 14 a factor of 1036?
True
Is 41976 a multiple of 213?
False
Is 20 a factor of 51?
False
Does 19 divide 494?
True
Does 114 divide 30324?
True
Is 13986 a multiple of 74?
True
Is 26 a factor of 546?
True
Does 3 divide 186?
True
Does 65 divide 3575?
True
Does 119 divide 3094?
True
Is 106602 a multiple of 449?
False
Is 5 a factor of 982?
False
Does 4 divide 732?
True
Is 3894 a multiple of 118?
True
Is 7552 a multiple of 7?
False
Does 51 divide 13739?
False
Is 38725 a multiple of 45?
False
Is 8085 a multiple of 21?
True
Is 774 a multiple of 25?
False
Is 426 a multiple of 4?
False
Is 56 a factor of 5369?
False
Does 55 divide 12413?
False
Is 20 a factor of 1576?
False
Does 61 divide 757?
False
Does 4 divide 461?
False
Is 282 even?
True
Is 7 a factor of 2317?
True
Is 18540 a multiple of 17?
False
Does 5 divide 90?
True
Is 4 a factor of 1512?
True
Is 1760 a multiple of 20?
True
Does 10 divide 600?
True
Is 6361 a multiple of 8?
False
Is 727 a multiple of 8?
False
Does 41 divide 9881?
True
Is 586 a multiple of 63?
False
Is 125 a factor of 7332?
False
Is 5 a factor of 1046?
False
Does 26 divide 135980?
True
Is 64 a factor of 3672?
False
Is 28704 a multiple of 10?
False
Is 13338 a multiple of 38?
True
Is 18 a factor of 540?
True
Is 4123 a multiple of 133?
True
Does 44 divide 16231?
False
Does 16 divide 592?
True
Is 70 a factor of 15912?
False
Is 2 a factor of 78?
True
Is 5336 a multiple of 8?
True
Is 41 a factor of 3608?
True
Is 10 a factor of 170?
True
Is 10 a factor of 5137?
False
Does 2 divide 422?
True
Does 112 divide 71769?
False
Does 15 divide 4935?
True
Is 121 a factor of 31823?
True
Is 23283 a multiple of 9?
True
Is 754 a multiple of 29?
True
Does 20 divide 40?
True
Does 71 divide 1001?
False
Is 4 a factor of 560?
True
Is 7540 a multiple of 116?
True
Does 6 divide 3577?
False
Is 8 a factor of 349?
False
Does 11 divide 4803?
Fal